Let u = 4 + -6. Let k = u - g. List the prime factors of k.
5
Suppose 3*w = 36 - 6. Let v = w - 5. List the prime factors of v.
5
What are the prime factors of 3 + (-6 + 3 - -26)?
2, 13
Suppose -5*f + 0*f = -20. Suppose 5*t = -f*i + 12, 2*i - 12 = -2*t - 2*t. List the prime factors of (i/(-4))/((-2)/(-40)).
2, 5
Let c(z) = -5*z**3 - 2*z**2 - 2. Let d = 17 + -19. What are the prime factors of c(d)?
2, 3, 5
Suppose 4*j - 4*l = 40, -2*j + 3*l - 8*l = 8. List the prime factors of j.
2, 3
Let w(q) = -5*q**2 + 33*q - 7. What are the prime factors of w(6)?
11
Let f(s) = 1 + 2*s + 6*s**2 - 3*s**2 + 0*s. Let r be f(-1). What are the prime factors of 1/1 + (r - -1)?
2
Let f be (-9)/(-6) - 7/(-2). Suppose -2*m = 3*k - m - 23, 4*m + 44 = f*k. List the prime factors of k.
2
Let n(r) = -r**2 - 10*r - 11. Let o be n(-8). Suppose -o*l + 6 = f, f - l = -3*f + 66. What are the prime factors of f?
2
Let j(t) = -3*t + 0*t + 1 + 4*t - 2*t. List the prime factors of j(-4).
5
Let q(y) = 2*y + 7. Let l(c) = 2*c + 6. Let x(o) = -3*l(o) + 4*q(o). What are the prime factors of x(10)?
2, 3, 5
Suppose 0 - 4 = -2*y. Suppose 3*j - 100 = -y*j. Suppose -j - 10 = -5*h. What are the prime factors of h?
2, 3
Let v(q) = 7*q**2 - 5*q + 4. List the prime factors of v(4).
2, 3
Let t(f) = 6*f - 9. Let r(m) = 2*m - 3. Let d(z) = -17*r(z) + 6*t(z). List the prime factors of d(3).
3
Let w(d) = -83*d + 43. List the prime factors of w(-4).
3, 5
Suppose 4*s - 12 + 84 = 0. Let u = -13 - s. What are the prime factors of u?
5
What are the prime factors of 1880/35 + (-4)/(-14)?
2, 3
Suppose -2*k + 23 = 5*s, -k - 3*s = -0*s - 12. Let o = -4 + k. List the prime factors of o.
5
Suppose 100 = -5*l + 1145. List the prime factors of l.
11, 19
Let i(s) = 4*s**3 - 5*s**2 - 5*s - 4. What are the prime factors of i(3)?
2, 11
Let u(k) = -k**2 - 7*k + 5*k**2 - k**2 + 0*k**2. What are the prime factors of u(5)?
2, 5
Let o = -5 - -12. Let k(c) = 6 + o*c**3 + c - 2*c**2 - 6. List the prime factors of k(1).
2, 3
Suppose 1192 = 5*d - u, u - 2*u = -4*d + 954. List the prime factors of d.
2, 7, 17
Let p = 158 - 83. List the prime factors of p.
3, 5
Let l(c) = 2*c**3 + 11*c**2 + 9*c - 12. Let m(r) = -r**3 - 10*r**2 - 8*r + 11. Let f(k) = 2*l(k) + 3*m(k). List the prime factors of f(9).
2, 3
Let b = -4 + 17. Suppose -4*z + 4*c = -16, -z + 3*c + 12 = -0*c. Suppose i + z*i = b. List the prime factors of i.
13
Let n be (-2)/(-6) + (-10)/(-6). Suppose -n*k + 13 = -7*k + 3*c, 3*k = 5*c - 11. What are the prime factors of (1 - 15)/(1*k)?
7
Suppose -775 = -3*y + 5*k, -3*y - 4*k = 332 - 1089. What are the prime factors of y?
3, 5, 17
Suppose 0 = -4*b + b + 108. List the prime factors of b.
2, 3
Suppose s - 2*s + 1 = 0. Suppose x + 3*y = -3, y - s - 50 = 4*x. List the prime factors of 1/(-3) + (-40)/x.
3
Suppose 58 = 2*s + u, -2 = u - 0*u. What are the prime factors of s?
2, 3, 5
Let o(y) = -41*y**3 - y**2 - y - 1. Suppose -6*l + 2 = -2*l + 3*h, 0 = -3*l - h - 1. List the prime factors of o(l).
2, 5
Let f(s) = -8*s + 10. List the prime factors of f(-8).
2, 37
Let k = -7 + 5. Let a be (1 - -1)/((-2)/k). Suppose 0*l + a*l - 7 = -s, 4*s - 5*l - 54 = 0. What are the prime factors of s?
11
Suppose 4*u = -27 - 5. Let n = u - -10. Suppose 0 = 4*p - n*p - 46. List the prime factors of p.
23
Let z = -2 - -5. Suppose g = z*g - 4. Suppose -4*k - 3*y = -24, 0 = -g*k - 2*k + 2*y + 44. List the prime factors of k.
3
Suppose 0*m = -m + 2. Suppose -m*r = f - 5, -3*f = -3*r - r - 65. What are the prime factors of f?
3, 5
Suppose -3*p = -721 + 109. Suppose 0 = -5*a + p + 16. Suppose 2*y - a = -2*y. List the prime factors of y.
11
Suppose -3*g - m = -42, 0*m - 28 = -2*g - 4*m. List the prime factors of g.
2, 7
Suppose 3*a + 4*q = -14, -a + q - 1 = -8. Suppose 3 - 5 = -2*t - a*f, 5*t = f - 1. What are the prime factors of (1 - t)*(4 - -6)?
2, 5
Let a(z) = -5*z**2 - 3*z + 2. Let c(d) = 0 + 5*d - 3 + 12*d**2 - 2*d**2. Let w(i) = 5*a(i) + 3*c(i). List the prime factors of w(1).
2, 3
Suppose -5*o + 210 = o. List the prime factors of o.
5, 7
Suppose 7*f = 5*f + 94. Suppose -18 = -5*a + f. List the prime factors of a.
13
Let o be (-10 + -3)/((-1)/5). Suppose 4*m - o = -m. What are the prime factors of m?
13
List the prime factors of 10/(-45) - (-303)/27.
11
Let h be ((-930)/(-24))/((-1)/(-4)). Suppose 2*c - 62 = t - 0*t, 5*c - h = -4*t. What are the prime factors of c?
31
List the prime factors of (-8)/(-8) - (-31)/1.
2
Suppose 0 = -k - k + 20. Let s = -8 + k. List the prime factors of s.
2
Let i(u) be the third derivative of u**6/120 - u**5/15 - u**4/12 + u**3/2 + 4*u**2. List the prime factors of i(5).
2, 3
Suppose 124 = 2*n - 142. What are the prime factors of n?
7, 19
Let o = 55 - 27. Let s = -10 + o. List the prime factors of s.
2, 3
Let l(q) = q**3 + 18*q**2 + 15*q + 36. List the prime factors of l(-17).
2, 5, 7
Let t = 263 - 99. What are the prime factors of t?
2, 41
Let j be (-142)/(-10) + 7/(-35). Suppose d + n = 1, 4*n = 5*d - 3*d - j. List the prime factors of d.
3
Let l(h) be the second derivative of h**5/20 - 11*h**4/12 + 2*h**3 - 13*h**2/2 + h. Let d be l(10). Let f = d + -4. List the prime factors of f.
3
Let s be 4*(0 + (-9)/12). Let x(z) = -8*z - 3. List the prime factors of x(s).
3, 7
Suppose 3*d + 25 = 2*a - 52, a - 32 = -5*d. What are the prime factors of a?
37
Let f be (-158)/(-18) - (-14)/63. Suppose 0 = f*b - 5*b - 140. List the prime factors of b.
5, 7
Let g(y) be the second derivative of 2*y - 3*y**2 + 5/6*y**3 + 0. List the prime factors of g(4).
2, 7
Let j = -8 - -6. Let g be (-13)/j - (-2)/(-4). List the prime factors of (-9)/g*(-64)/6.
2
Let w(u) = -2*u - 4. What are the prime factors of w(-10)?
2
Let q(z) = -z - 12. Let p be q(-14). Suppose 3 = -c, -2*x + 110 = p*x - 2*c. List the prime factors of x.
2, 13
Let k = -24 + 81. List the prime factors of k.
3, 19
Suppose -b + 15 = -3*q, -5*b - 3*q = q - 56. What are the prime factors of b?
2, 3
Suppose -n = -5*d - 0*n + 1, 0 = -2*d + n + 1. Suppose d*w + i - 55 = -2*w, 2*w = 3*i + 51. List the prime factors of w.
3
Suppose 73 = -5*o - 4*s, 0 = -2*o - 3*s + 2*s - 28. Let c = 28 + o. What are the prime factors of c?
3, 5
Let c(s) = s**2 + 4*s + 11. List the prime factors of c(-6).
23
Let b = 1 + 0. Suppose r = 5 + b. What are the prime factors of r?
2, 3
Suppose 2*m - 20 = p, m - 5*p - 10 = -0*p. List the prime factors of m.
2, 5
Suppose 4*i + 65 = 2*x + 767, -5*x + 520 = 3*i. List the prime factors of i.
5, 7
Let j(k) = 8*k**2 - 3*k - 1. List the prime factors of j(4).
5, 23
Suppose 4*u = 3*a - 123, a = -a - 4*u + 102. List the prime factors of a.
3, 5
Let k(b) = b + 1. Let w be k(-6). Let q = 8 + w. What are the prime factors of q?
3
Let l be -3*(-1 + (-2)/3). Suppose 0 = 3*j + l*u - 1, u - 30 + 6 = -4*j. What are the prime factors of j?
7
Let r be (-1)/(-2) + 42/12. Suppose 3*c + 20 = r*c. What are the prime factors of c?
2, 5
Let u(x) = -2*x**2 + x**3 + 2*x**2 - x**2 + 2*x. Let l be u(2). Suppose 0 = 3*t - l*t + 55. List the prime factors of t.
11
Let k = 5 + -7. Let p be (-3)/6 + (-11)/k. Suppose -p*q + 40 = -0*q. List the prime factors of q.
2
Suppose 0 = -5*z + 5, -2*c + 6*z - 3 = 3*z. Suppose c*r + 22 = 2*r. List the prime factors of r.
11
Suppose 0 = -11*i + 17*i - 708. What are the prime factors of i?
2, 59
Let q(x) = x**2 - x - 13. List the prime factors of q(-9).
7, 11
Let h(a) = -18*a**2 + 1. Let x = 1 - 2. Let q be h(x). Let m = 24 + q. List the prime factors of m.
7
Suppose f = -3*d + 1 - 3, -4*f - 2*d = -42. Suppose 3*z + f = b, 4*b + 3*z - 51 = b. List the prime factors of b.
2
Let v(x) = -x**3 - 9*x**2 - 12*x + 12. List the prime factors of v(-9).
2, 3, 5
Suppose y + 5 = -11. Let r = y - -29. What are the prime factors of r?
13
Let m(f) = -f**2 + 10*f + 9. Let u be m(11). What are the prime factors of 1*((-144)/u)/4?
2, 3
Suppose -3*i = t + 6, -3*t = 6*i - 2*i + 3. Let q(v) = -v**3 + 3*v**2 + 2*v + 2. What are the prime factors of q(t)?
2
Suppose 3*l + 43 = 16. Let d be 0*3/l - -2. Suppose -d*b + 26 - 2 = 0. List the prime factors of b.
2, 3
Suppose -294 + 1394 = 10*t. List the prime factors of t.
2, 5, 11
Let r = 95 + -46. List the prime factors of r.
7
Let j be (0 + -4)*(4 + -5). Suppose -2*p = -j*r + 8*r - 6, 0 = -p + 1. Suppose -3*s = -3*k + 3, -k -